0?
1320
Calculate the highest common divisor of 136888 and 811688.
1928
What is the greatest common factor of 108 and 5028336?
36
What is the highest common divisor of 10418232 and 30504?
744
What is the highest common divisor of 7345175 and 526700?
5725
Calculate the greatest common factor of 30534 and 97.
1
What is the highest common factor of 1393352024 and 236?
236
What is the greatest common factor of 128832 and 10344?
24
What is the highest common factor of 2476 and 320857412?
2476
What is the greatest common factor of 37672 and 1943848?
136
Calculate the greatest common factor of 11112 and 18552.
24
Calculate the greatest common divisor of 11102 and 3059882.
854
Calculate the highest common divisor of 792236 and 3007.
31
Calculate the greatest common factor of 9468459 and 2145.
429
Calculate the highest common factor of 640 and 30962160.
80
Calculate the highest common factor of 186474343 and 19701.
2189
What is the highest common factor of 173183808 and 1344?
1344
Calculate the greatest common factor of 83268 and 23063694.
1542
Calculate the greatest common factor of 255092112 and 14256.
4752
What is the greatest common factor of 51008 and 37459?
797
Calculate the greatest common divisor of 5 and 887575315.
5
What is the greatest common divisor of 39964 and 286855?
103
What is the highest common divisor of 893423 and 9917?
47
What is the highest common divisor of 6 and 30043608?
6
What is the greatest common divisor of 268088 and 164641?
1457
What is the greatest common factor of 24423747 and 85?
17
Calculate the highest common divisor of 62488403 and 3352.
419
Calculate the greatest common divisor of 53922 and 55298.
86
Calculate the highest common divisor of 7675 and 5816875.
25
Calculate the highest common divisor of 1513 and 75514.
17
What is the highest common divisor of 2371985 and 12221?
1111
Calculate the highest common factor of 1105 and 512915.
65
What is the highest common factor of 201613 and 213749?
37
Calculate the greatest common divisor of 123657 and 209103.
141
Calculate the greatest common factor of 147912349 and 1206.
67
Calculate the greatest common divisor of 743599 and 1032.
43
Calculate the highest common divisor of 492435 and 125.
5
Calculate the highest common factor of 5630610 and 510.
30
What is the highest common factor of 203254399 and 59196?
4933
What is the greatest common factor of 14579 and 549244?
61
Calculate the greatest common divisor of 4761 and 1096729677.
4761
Calculate the highest common factor of 23 and 348497081.
23
Calculate the greatest common divisor of 12 and 2826479196.
12
What is the highest common factor of 3264 and 782340?
204
Calculate the greatest common divisor of 2211272 and 3479.
49
What is the highest common divisor of 1754856 and 384?
24
What is the highest common divisor of 171680813 and 626?
313
What is the greatest common factor of 250466337 and 94?
47
What is the highest common factor of 1631434298 and 13?
13
What is the greatest common factor of 9024165 and 1656?
207
What is the highest common factor of 1338813 and 145439?
553
What is the highest common divisor of 9632 and 4756402?
602
Calculate the greatest common divisor of 6198339 and 105042.
861
Calculate the greatest common factor of 52504374 and 7446.
438
What is the greatest common factor of 1085128 and 78584?
1672
Calculate the greatest common divisor of 2020721 and 2.
1
Calculate the highest common divisor of 46113 and 232161.
57
What is the highest common factor of 2341519 and 22703?
311
Calculate the greatest common factor of 13024797 and 9.
3
What is the greatest common factor of 32644710 and 15750?
630
Calculate the highest common divisor of 378 and 191232117.
27
What is the greatest common divisor of 2317500 and 65700?
900
What is the highest common factor of 1065 and 37876299?
213
What is the highest common divisor of 85911050 and 2864?
358
Calculate the greatest common divisor of 407 and 3279950729.
407
What is the highest common factor of 47858485 and 850?
85
Calculate the highest common divisor of 40 and 6432380.
20
Calculate the highest common divisor of 127010067 and 3702.
1851
Calculate the greatest common factor of 498299 and 9095.
107
What is the greatest common divisor of 3312558 and 9?
9
Calculate the highest common factor of 2619 and 3498111.
873
Calculate the greatest common divisor of 44 and 20665942.
22
What is the greatest common factor of 15087 and 131289?
321
What is the greatest common divisor of 10105234 and 46?
46
Calculate the highest common divisor of 42098308 and 1148.
1148
What is the greatest common divisor of 2148 and 7640100?
12
What is the highest common divisor of 126132 and 169464?
276
What is the highest common factor of 527259320 and 3820?
3820
What is the highest common factor of 324 and 185996007?
81
What is the highest common factor of 208427426 and 46?
46
Calculate the highest common divisor of 50475 and 41970.
15
Calculate the greatest common factor of 77 and 5160298.
11
What is the greatest common factor of 73583774 and 198?
22
Calculate the greatest common divisor of 9643743 and 5661.
153
What is the greatest common divisor of 2448 and 4556592?
144
What is the highest common factor of 621 and 257255?
23
What is the highest common factor of 198651710 and 9390?
3130
What is the highest common factor of 55881849 and 5895?
393
Calculate the highest common factor of 508 and 690656.
4
What is the greatest common factor of 915 and 213846663?
183
What is the highest common factor of 2431713735 and 15?
15
What is the greatest common factor of 223036 and 11371?
137
What is the highest common factor of 486 and 63522?
18
What is the greatest common factor of 68718 and 2392?
26
What is the greatest common factor of 88012444 and 13754?
598
Calculate the highest common divisor of 61780 and 14440.
20
Calculate the greatest common divisor of 5812723 and 34489.
2653
What is the greatest common factor of 1651 and 1062228?
127
What is the highest common factor of 16019520 and 120?
120
Calculate the greatest common factor of 6776 and 61996.
44
Calculate the greatest common divisor of 834685272 and 3312.
1656
Calculate the greatest common factor of 264 and 1715851368.
264
What is the greatest common divisor of 593772 and 118?
2
Calculate the highest common factor of 19743000 and 24.
24
Calculate the greatest common divisor of 30186 and 434862.
54
Calculate the greatest common factor of 3790840 and 140.
20
Calculate the highest common divisor of 150 and 21951075.
75
What is the highest common factor of 594 and 404217?
297
Calculate the highest common factor of 5 and 92238455.
5
What is the highest common factor of 16662200 and 6560?
40
Calculate the highest common factor of 246227717 and 1328.
83
Calculate the greatest common factor of 15124817 and 2888.
361
Calculate the highest common factor of 154 and 7564900.
14
Calculate the greatest common factor of 42900 and 557815830.
4290
Calculate the greatest common divisor of 16 and 216523148.
4
Calculate the highest common factor of 148 and 2150884.
148
Calculate the greatest common divisor of 2597 and 3348646.
371
What is the greatest common divisor of 276414 and 2622?
138
What is the greatest common divisor of 1577640 and 37860?
60
What is the highest common divisor of 980232 and 3433419?
2607
What is the greatest common divisor of 638 and 39648046?
58
Calculate the highest common divisor of 433219 and 18373.
19
What is the greatest common factor of 748 and 2582?
2
Calculate the highest common factor of 10203672 and 2136.
2136
What is the highest common factor of 2999895 and 4515?
645
Calculate the highest common factor of 88464 and 187016.
776
What is the highest common factor of 99544 and 169333?
541
Calculate the highest common divisor of 148154400 and 5.
5
What is the greatest common divisor of 1379937 and 574041?
1599
What is the highest common divisor of 238304308 and 3344?
836
Calculate the highest common factor of 679074 and 108768.
66
Calculate the highest common factor of 1745666 and 234.
26
What is the greatest common factor of 801 and 70195368?
267
What is the highest common divisor of 28423 and 60178101?
661
Calculate the highest common factor of 1516 and 185068.
4
What is the greatest common divisor of 99 and 3261269?
11
What 